t is the tens digit of -5 - (1472 + t)/(-5)?
9
Let d(l) = -27*l - 27. Let s be d(-22). Let f = -341 + s. Let r = 353 - f. What is the hundreds digit of r?
1
Let i = -134 - -146. Let b(p) be the first derivative of -p**4/4 + 11*p**3/3 + 10*p**2 - 11*p - 11. What is the tens digit of b(i)?
8
Let y be 1574 - (-4 + 2) - 2. Let k = -605 + y. What is the tens digit of k?
6
Let f = -62 - -67. Suppose 0 = f*b + 4*n + 50, 3*b + 3 = -n - 27. What is the units digit of (-29)/(-4)*-2*b?
5
Suppose 1 - 13 = -6*v. Let k(f) = 3*f**v - f**2 - 4*f + 2 - 3*f**2 + 18*f. What is the units digit of k(12)?
6
Suppose -2*u + 3*s = -45108, 94*u - 45066 = 92*u - 4*s. What is the tens digit of u?
4
Suppose 2227486 = 2214*k - 2112*k - 854444. What is the hundreds digit of k?
2
Let c(y) = -y**3 + 2*y**2 - 8*y + 7. Let q(z) = -2*z**3 + 4*z**2 - 17*z + 15. Let u(m) = 5*c(m) - 2*q(m). What is the tens digit of u(-9)?
5
What is the thousands digit of (-76566*1/(-2) - (-27 - -30)) + 3?
8
Let a = 39 - 69. Let d be (2 - -1) + (a/(-1))/(-5). What is the units digit of (-753)/(-7) + d/(-7)?
8
Suppose -14*t + 47563 + 54021 = 0. What is the tens digit of t?
5
Let u = 377 - 373. Suppose 13*t = u*t + 1674. What is the tens digit of t?
8
Let m = -13914 + 55305. What is the units digit of ((-2)/(-1))/6*m/63?
9
Let f(g) = 144*g**2 + 85*g - 471. What is the thousands digit of f(5)?
3
Let t = 15 + -12. Suppose 0 = t*q + 4*c - 341 + 5, c - 543 = -5*q. Suppose 4*m = 2*u - q, 39 = u - 0*u + 3*m. What is the units digit of u?
8
Suppose -5*l = l. Let h be l + -3 - -2*4. Suppose -159 = -2*k - 5*a, -h*k + 425 - 11 = -4*a. What is the units digit of k?
2
Suppose -2*o + 31 = 31. Let k(g) = -g**2 + 9*g + 815. What is the tens digit of k(o)?
1
Let y(c) = -2*c - 28. Suppose 8*q = 5*q - 48. Let v be y(q). Let a(o) = 5*o + 5. What is the units digit of a(v)?
5
Let f(b) = -15*b - 208. Let t be f(-14). What is the units digit of (t + 0 - -1)/(2/274)?
1
Let v(z) be the second derivative of z**4/6 - 11*z**3/3 + 25*z**2/2 - 4*z - 2. What is the hundreds digit of v(16)?
1
Let b = 2168 + -544. What is the tens digit of b?
2
Let p(v) = 3*v**2 + 26*v + 4*v - 5*v + 11 + 11*v. Let x be p(-17). Suppose 3*a - 4 = -16, -2*i - 5*a + x = 0. What is the tens digit of i?
4
Let i(s) = s**2 - 12*s - 8. Let m be i(13). Let q = 5 - m. Suppose q*b = -b + 84. What is the units digit of b?
4
Let h = 68 - 69. Let o = h + -2. What is the units digit of ((-432)/(-30))/(o/(-45))?
6
Let f = -3896 - -11390. What is the thousands digit of f?
7
Suppose 35*g - 371074 - 592001 = 578115. What is the hundreds digit of g?
0
Let a(r) = 3*r**2 + 11*r - 9. Let n(w) = -w**2 - 7*w + 6. Let t(k) = 5*a(k) + 7*n(k). Let y be (-4)/(1/2*2). What is the units digit of t(y)?
1
Suppose -2356 = -4*s - 0*q - 4*q, -3*s + 1769 = 2*q. What is the units digit of s/((-3)/(-9)*(-27)/(-6))?
4
Suppose 0 = -s - q + 4709, -11*s - 2*q + 23551 = -6*s. Suppose x = 2*o + 3*o - s, 2*x - 951 = -o. What is the hundreds digit of o?
9
Let c = 15249 + -3483. What is the thousands digit of c?
1
Let a = 51427 + -36517. What is the units digit of a?
0
What is the hundreds digit of ((-114)/(-133))/(5/48545)?
3
Let z be 6/(-12)*9*(-5116)/6. Suppose 6*f - 2211 - z = 0. What is the thousands digit of f?
1
Let w(r) = -5*r - 16. Let p = -155 + 149. Let g be w(p). Suppose -g*l = -13*l - 313. What is the units digit of l?
3
Let f = 1 - -8. Suppose 0 = -2*h + 65 - 51. What is the units digit of ((-6)/f - 0)*(4 - h)?
2
What is the tens digit of (387/86)/((-18)/(-50748))?
8
What is the units digit of 6966*((-232)/(-24) + -9)?
4
Let q(a) = -2063*a + 368. What is the tens digit of q(-4)?
2
Suppose -s = -4*f - 1, 0 = s - 4*s + 3. Suppose f = 9*y - 16*y + 5355. Suppose 9*o - y = 4*o. What is the tens digit of o?
5
Let a = -19 + 93. Suppose -274 - a = -2*k. What is the hundreds digit of k?
1
Let g(h) = -13*h - 21. Let r be g(-2). Suppose -y = -r*s - 148, 3*y + 2*s + 162 = 589. What is the hundreds digit of y?
1
Let c(v) = -v**3 + 10*v - 5. Let z be c(0). What is the tens digit of 3 + 60/z*82/(-2)?
9
Let h = -25985 + 25992. Let p(i) = -15*i**3 - 3*i**2 + 3*i - 1. Let a be p(-4). Suppose a + 529 = h*q. What is the units digit of q?
4
Let q = -49899 + 106480. What is the thousands digit of q?
6
Let j = -16989 - -28691. What is the units digit of j?
2
Suppose -4*d = 4*a - 0*d - 52, -2*d - 39 = -3*a. Suppose a*u - 105 = 6*u. Suppose -t + 76 = u. What is the units digit of t?
1
Let r(a) = a**3 + 4*a**2 + 1. Let q be r(-4). Suppose -16 = -4*t - 4*l, -4*l + q = t - 3. Suppose -f = -11 - t. What is the units digit of f?
5
Suppose 0 = -3*w - 9, 2*c - 5*w + 7*w = 0. Suppose c*q = 3*s - 150, -3*s = -0*s - 2*q - 152. What is the tens digit of s?
5
Let v(h) = 3*h + 5. Let z = -7 + 8. Suppose 3*y - 2*y = -z. What is the units digit of v(y)?
2
Suppose 0 = 4*b + v - 3416, 3*b - v = -2*b + 4261. Suppose -2*y - 5*a = -b, -4*y + 6*y + a = 833. What is the hundreds digit of y?
4
Suppose 2*t - 63068 = -11*b + 5*b, 0 = -b + 3*t + 10508. What is the ten thousands digit of b?
1
Let p(v) = -v**3 + v**2 + 4. Let i be p(0). Suppose -i*t + 6 = -3*f + 6*f, 4 = -2*f. Suppose 2*z + t*z - 325 = 0. What is the tens digit of z?
6
Suppose 2*p + 0 = -2. What is the tens digit of 620 + -8 + p + 3 - 1?
1
Let z = 84356 + -43086. What is the hundreds digit of z?
2
Let r(j) = -275*j + 1 - 4*j**2 - 398*j**3 + 135*j + 137*j. What is the units digit of r(-1)?
8
Let k(s) = -s**3 + 3*s**2 - 5*s + 9. Let g be k(-4). Suppose 3*b = -g + 1095. What is the tens digit of b?
1
What is the ten thousands digit of (4 + -33 + 0)*(-19)/((-152)/(-11192))?
4
Suppose 139*c = 146*c. Suppose 4*l + 8 = c, -30*w + 28*w - l + 1914 = 0. What is the units digit of w?
8
Let n(o) = -12689*o**2 - 6*o - 3. Let g be n(-1). What is the units digit of 4/(-32)*g + 7/28?
6
Suppose 0 = 3*j + 1709 + 7276. Let s = 4246 + j. What is the units digit of s?
1
Suppose 0 = 4*i + 7*i + 11. Let y(o) = -77*o**3 + o**2 - o - 3. Let x be y(i). What is the tens digit of 100*(x/16 - 3)?
7
What is the tens digit of -2 - (-1*5643 - 3)*(-15)/(-10)?
6
Let u be ((-4)/(32/(-20)))/((-2)/(-4)). Suppose 4*c - 5*c = -u*j - 541, -4*c = -2*j - 2146. What is the tens digit of c?
3
Suppose -8*h - 1595 - 12485 = 0. What is the tens digit of ((h/6)/(-11))/(1/15)?
0
Suppose -2*v + 3 = 13, -3*b - 2*v + 65 = 0. Suppose r + b = 37. What is the tens digit of ((-29)/6)/((-2)/r)?
2
Let d(z) = 20*z**2 + 121*z - 2923. What is the hundreds digit of d(23)?
4
Let h = -142 - 450. Suppose 0 = f - 1, 0 = -29*c + 9*c + 3*f - 6863. Let r = c - h. What is the hundreds digit of r?
2
Let l = -3272 + 14403. What is the ten thousands digit of l?
1
Suppose -4*t = -0*t + 8*t - 150660. What is the thousands digit of t?
2
Let m = -312 - -282. What is the tens digit of (-13 - 255)*m/4?
1
Let x(m) = -1396*m**3 + 2*m**2 - 6*m - 7. What is the units digit of x(-1)?
7
Let d(i) = i - 11. Let y be d(9). Let k(c) = 10*c + 5. Let x be k(y). What is the units digit of -58*(x/6 - -2)?
9
Suppose 111*y - 45*y - 285138 = 45*y. What is the thousands digit of y?
3
Let i(p) = 9*p**2 + 7*p - 395. Let m(f) = 5*f**2 + 4*f - 197. Let a(s) = -3*i(s) + 5*m(s). Let w be a(0). Suppose -w = -2*b - 40. What is the tens digit of b?
8
Let n be 1252/(-6)*(2 + (-7)/2). Let y = n - 134. What is the units digit of y?
9
Suppose -a + 44 + 111 = -2*m, 0 = -4*a - 5*m + 672. Suppose 0 = -3*k + 2*k + a. Let t = k + -112. What is the tens digit of t?
5
Let i be 1*(-27 + 2)/5. Let s be (-2)/(0 + i/5). Suppose s*l + 5*z = z + 44, 5*z = -15. What is the units digit of l?
8
Let p be 3/12 - -46*(-9)/24. Let b = p - -16. What is the units digit of (-29 + -13)/(b - 2/(-8))?
6
Let y be 9434/8 + 1/(16/12). Suppose 0 = 2*d + 352 - y. What is the hundreds digit of d?
4
Suppose 7*y = -2*y + 27. Suppose -3*s + 5 = 2*v + 16, -y*s = 9. What is the tens digit of 1748/46 - 1*-2*v?
3
Let g = 1229 - 469. Suppose -42*p = -47*p + g. What is the tens digit of p?
5
Suppose 0 = r + 4*a - 21 + 14, r = 4*a - 17. Let n(q) = 12*q**2 + 17*q + 24. What is the hundreds digit of n(r)?
2
Let p = 1062 - 402. Suppose -p = -10*x - 2*x. What is the units digit of x?
5
Let h(g) = -21*g + 207 - 56*g - 230. What is the thousands digit of h(-15)?
1
Suppose 221463 = 10*s - 163254 - 26033. What is the te